1 + 3. Let x = f - 4. Let a(p) = -25*p**2 - 6*p - 3. Let m(c) = 8*c**2 + 2*c + 1. Let i(z) = x*a(z) - 7*m(z). Calculate i(-1).
-5
Let u(b) = -7*b**3 - b - 3*b + 18*b**3 + 3*b + b**2. Determine u(1).
11
Let f(y) = y**2 + y + 1. Let n(g) = g + 6*g**2 - 3 + g - 3*g**2 + g. Let m(r) = -2*f(r) + n(r). Give m(0).
-5
Suppose 2 = -4*h + q - 17, 4*q = -4*h - 4. Let l(d) = -d - 8. Determine l(h).
-4
Let y(s) = -s**3 - 4*s**2 + 4*s. Suppose 2*t = -0*t + 28. Let v be (-63)/t - 2/4. What is y(v)?
5
Let x(v) = 5*v - 2 - v**2 + 5 - 2. Suppose 5*z - t - 2*t = 33, 20 = 4*z + 4*t. What is x(z)?
-5
Let d(l) = -l**3 - 7*l**2 + 2*l + 8. Let q be d(-7). Let g(b) = b**2 + 6*b. Give g(q).
0
Let f(w) = -7*w - 2*w + 3*w. Suppose -16 = -3*u - u. Suppose -u*r - 5 = r. Give f(r).
6
Suppose 2*l - 10 - 2 = 0. Let t be (-2 + l/4)*-2. Let f = 3 - t. Let x(v) = 2*v**3 - 4*v**2 + 3*v. Give x(f).
6
Let m(z) = -2*z - 6. Let h be 48/15 - 1/5. Suppose -7 = y + 3*x, y = -2*x - h - 3. Determine m(y).
2
Let h(d) be the third derivative of -d**5/60 - d**4/12 - d**3/2 + d**2. Suppose 5*l = -4*m + 3*m - 29, 0 = 2*m - l + 3. What is h(m)?
-11
Suppose -3*g + 15 = -6*g. Let j = 7 + g. Let p(z) = -2*z**j + 3*z**2 - 4*z**3 - 2*z**2. What is p(1)?
-5
Let n = 31/2 + -15. Let w(z) be the first derivative of 0*z**3 + 2 + 1/4*z**4 - n*z**2 + z. Calculate w(2).
7
Let s(o) = 2 + 0*o**2 - o**2 - 6*o - 2 - 2. Determine s(-6).
-2
Suppose 6 = -2*q, -2*z - 5 = 2*z + 3*q. Suppose 4*w = 16, 0 = 3*g - 3*w + 5 + z. Let y(v) = -v**2 + v - 2*v - 2 + v**3 + 2*v. Give y(g).
4
Let r(m) be the third derivative of -m**4/24 - m**3/3 - 2*m**2. Let x = -3 + 3. Calculate r(x).
-2
Let p be (-13 + 0)/(-1) + 0. Let v(h) be the second derivative of h**5/20 - 13*h**4/12 + h**2 + 2*h. Let k be v(p). Let b(m) = 2*m**2 - m - 2. What is b(k)?
4
Suppose 16 + 2 = 3*j. Let o(x) = -2*x + 9. What is o(j)?
-3
Let c(p) = -p - 4. Let d(f) = f**2 - 5*f + 3. Let w be d(3). Give c(w).
-1
Let y(h) = -9*h**3 - h**2 - h. Let w = -14 - -13. What is y(w)?
9
Let m be 0 - (-1)/(3/(-15)). Let u = 4 - 6. Let n(o) = -5*o + 31. Let f(q) = -q + 8. Let g(w) = u*n(w) + 9*f(w). Give g(m).
5
Suppose -2 = 4*j + 14. Let c(r) = -2*r**3 - 8*r**2. Let m(t) = 3*t**3 + 12*t**2. Let o(l) = -7*c(l) - 5*m(l). Give o(j).
0
Let t(w) be the first derivative of -w**4/4 - 2*w**3 + w**2 + 7*w + 2. What is t(-6)?
-5
Let s(c) = 1 + 0*c**3 - 11*c**3 + 0 - 2*c**2 + c**2. Calculate s(1).
-11
Suppose -4*t + 3*i - i + 8 = 0, 0 = -5*t - 5*i - 20. Let q(h) = -2 + t + h**2 - 3*h + 0*h**2 + 4. What is q(2)?
0
Let l(z) = -z**3 + z**2 + 5*z - 4. Let b be -2*(-1 - 3/(-2)). Let g = b + 17. Suppose -4*q = 4 - g. What is l(q)?
-7
Suppose -2*c = 5*v - 4*c + 32, 3*c - 3 = 0. Let o = 1 + v. Let m(d) = d**2 + 5*d + 5. Determine m(o).
5
Let q(b) = 4*b**3 - 25*b**2 + 21*b + 3. Let h(l) = -l**3 + 6*l**2 - 5*l - 1. Let m(i) = 9*h(i) + 2*q(i). Suppose -2*u + 3 = -5. Let n = -1 + u. Determine m(n).
-3
Let p(q) = q**3 - q**2 + q + 1. Let z(x) = -7*x**3 + 12*x**2 - 12*x - 6. Let k(j) = -6*p(j) - z(j). Suppose -3*b = -2*b - 4. What is k(b)?
-8
Let n(a) = -3 - 2*a + 3. Let k(v) = -v**3 - 7*v**2 + 9*v + 4. Let q be k(-8). Let w be 2*(q/2 + 0). Determine n(w).
8
Let a(f) = 5*f**2 + 60 + 6*f - 56 + f**3 - 10*f. Calculate a(-6).
-8
Let k(j) = j**2 - j - 3. Suppose 5 = -m + 8. Calculate k(m).
3
Let k be (1 - 2)*(-4 + 1). Let y(l) = -5*l - 3 + 2 + 3*l - 3*l**2 - l**k. Let x be (-4)/(-6) - (-11)/(-3). What is y(x)?
5
Suppose -4*o = 12 + 8. Let n be (1 + 6)*1/1. Let c(i) = -n - 4*i + 6*i - 4*i. Calculate c(o).
3
Let l(p) = 0 + 8*p + 1 - 7*p + 0*p. Calculate l(2).
3
Let o(b) = 0*b + 7*b**2 + 2*b**3 - 5*b - 3*b**3. Suppose 23*h - 22*h = 6. What is o(h)?
6
Suppose -5*w = -4*w. Let x = w - 3. Let j(s) = 3*s**2 + 2*s**2 + s**3 - 2*s**2. What is j(x)?
0
Let u(b) = -7*b - 3. Let w(t) = -14*t - 7. Let c(q) = -5*u(q) + 2*w(q). Suppose 2*n = 8 - 6. Determine c(n).
8
Let g = 4 + -2. Let w(v) = -4 - v**3 + 3*v - 2*v**2 + 3*v + 5*v**g. Let m = -1 + 5. Give w(m).
4
Let t(u) = u**3 + 4*u**2 + 3*u + 4. Suppose 6*r - 9 = -27. What is t(r)?
4
Let r(f) = 25*f**2 + 9*f + 15. Let c(u) = 12*u**2 + 4*u + 7. Let h(l) = 13*c(l) - 6*r(l). Give h(1).
5
Let r(g) = -1 - 8*g**2 + 9*g**2 + g + 4*g + 5. Let s(i) = -i**2 + 7*i - 9. Let b be s(6). Give r(b).
-2
Let p(r) = r - 2. Let h(i) = -i + 1. Let l(w) = -5*h(w) - 6*p(w). Let c be l(5). Let f(d) = d**2 + d - 1. Calculate f(c).
5
Let u(z) = -1 - 4 + 3*z + 4 - z**2 - 4*z. Give u(-3).
-7
Let g(r) = -r**3 + 0*r**2 - 4*r + 2 + r**2 + 2*r**2. Give g(2).
-2
Let b = 1 - -3. Suppose -3*d - 8 = -2*u, -4*d + b*u = -d + 4. Let l(i) = -i - 9. Calculate l(d).
-5
Let a(m) = m - 8. Let r be a(11). Suppose -r*y + 1 = 4. Let i(t) = -13*t**2 - t. Determine i(y).
-12
Let m = 79 + -74. Let f(y) be the third derivative of y**4/24 - 11*y**3/6 + 2*y**2. Calculate f(m).
-6
Let s be (4/6)/2 - 10/3. Let w(z) = -z - 5. Give w(s).
-2
Let y(h) = h**3 + 6*h**2 + 4*h - 2. Suppose 3*u - 7 = -a - 2, 3*u + 3 = 0. Let p = a - 14. Let z be p/27 + (-129)/27. What is y(z)?
3
Let j(n) = n + 78 - 87 - 3*n. Determine j(-6).
3
Let q(a) = 6 + 6*a**2 - 3*a + 0*a + a. Let v(u) = 2*u**2 - u + 2. Suppose -y + 5*j + 5 = 0, 2*j + 11 + 18 = -5*y. Let m(x) = y*q(x) + 14*v(x). Determine m(-3).
-8
Let b = -9 + 21. Suppose -a = a + b. Let c(t) = t**3 + 5*t**2 - 5*t - 8. Calculate c(a).
-14
Let x(t) be the first derivative of 2*t**3/3 - 2*t + 2. Let a = 5 - 7. Give x(a).
6
Let q(t) be the first derivative of t**3/3 - 9*t**2/2 + 10*t + 2. Determine q(8).
2
Let t(d) be the third derivative of d**5/60 + 5*d**4/24 - 5*d**3/6 - 46*d**2. Give t(-4).
-9
Let x(f) = -f**3 + 4*f**2 + 8*f - 4. Let t = 24 + -25. Let l = 4 - t. Determine x(l).
11
Let u(n) be the first derivative of 0*n**3 - n + 3 - 1/2*n**2 + 1/4*n**4. Calculate u(0).
-1
Let j(n) = -5*n**3 - 3*n + n**3 + 3*n**3 - 5 - 5*n**2. Let k be (-3)/(6 - -3) - (-22)/(-6). What is j(k)?
-9
Let s(j) = -j**3 + 5*j**2 - 2*j + 1. Let y(p) = p**2 + 8*p + 5. Let z be y(-6). Let n = z + 11. Determine s(n).
9
Suppose a - 3*d + 10 = 0, -2*a - 5*d = -2*d - 16. Let f(q) = -4*q - a*q + q**2 + 2 + 3*q. Calculate f(4).
6
Let i = -18 + 14. Let d(p) = p + 2. Determine d(i).
-2
Let p(b) = -b + 1. Let x be p(1). Suppose 0 = -d - 3*d + 12. Let r(l) = l - l**3 - 1 + d - 1. Determine r(x).
1
Let d(l) = -4*l**2 - l. Let p(r) = r**3 - 12*r**2 + 2*r - 23. Let h be p(12). Determine d(h).
-5
Let y(f) = 9*f + 2. Let h(i) = 10*i + 2. Let d = 3 + -10. Let w(m) = d*y(m) + 6*h(m). Suppose 0 = 3*n - 2*g, 5*n + 2*g + 6 + 10 = 0. Determine w(n).
4
Let j(m) = -3*m**3 - 3*m**2 - 4*m - 2. Let d be j(-2). Suppose v = -2*v + d. Let q(c) = c**2 + 2*c - 3*c + v*c**2. What is q(1)?
6
Let q = 11 + -6. Suppose -s - 5*z + 40 = -5*s, -q*z + 30 = -2*s. Let u(o) = 3*o**2 - 11*o - 1. Let w(a) = -a**2 + 5*a. Let i(d) = -2*u(d) - 5*w(d). Give i(s).
-8
Let k(l) = -9*l**3 - l**3 - l**2 - 2 + 12*l**3 - l. Suppose 6 = 2*d + 2. Give k(d).
8
Let p(v) = 2*v**3 + 0*v**2 - 3*v**2 + 1 + 0*v + 0*v**3 + 2*v. What is p(2)?
9
Let r(m) = -3*m**2 + 2*m + 1. Suppose 0*h - 16 = -4*h. Suppose 0 = -n - 4*j + 9 - 3, -h*j + 4 = 0. Let c be ((-2)/(-4))/(n/(-4)). Determine r(c).
-4
Let q(s) = s**2 - 3*s + 4. Let d(g) = -g - 3. Let c be d(3). Let k(r) = -r + 4. Let l be k(-6). Let p be (-115)/(-25) + c/l. Calculate q(p).
8
Let v(b) = -6*b + 1. Let r be v(1). Let u(o) = -2*o - 5. What is u(r)?
5
Suppose -9 = -2*h - 5. Let u(z) = -z**3 + z**2 - z + 2. Give u(h).
-4
Let n(m) = -4*m + 9. Let q(b) = 2*b - 4. Let v(c) = -6*n(c) - 13*q(c). Let x = 7 + -11. Calculate v(x).
6
Let k(l) be the third derivative of -l**4/24 - 7*l**3/6 + 3*l**2. What is k(-5)?
-2
Let k(o) be the second derivative of -5/2*o**2 + 3*o + 0 + 1/3*o**3. Give k(4).
3
Let n(r) be the first derivative of r**4/4 + 6*r + 2. Suppose 4*d = 5*c + d - 2, -5*c - 14 = d. Let y = -2 - c. Give n(y).
6
Suppose -3*k + 8*k = 0. Suppose k*z - 3*z = 12. Let f(x) = 3*x + 5. What is f(z)?
-7
Let b(y) = -4*y**3 + 2*y - 1 + 5*y**3 - 5*y**2 + 5 + y. Suppose -u + 2*u = 3. Determine b(u).
-5
Let w(z) be the third derivative of z**5/60 + z**4/8 + 2*z**3/3 - 2*z**2. Let x be w(-3). Suppose l + x = 3*l. Let k(q) = -q**3 + 2*q**2 + q. Determine k(l).
2
Let r(b) = 4*b**3 + 8*b**2 + 6*b - 5. Let c(g) = -3*g**3 - 7*g**2 - 5*g + 5. Let v(